
-8
What is the value of 9 + -2 - (7 - (8 - 6))?
2
What is the value of -4 + (2 - -4) + (7 - 16)?
-7
Calculate 11 - 11 - 17 - -28.
11
What is (1 - (12 + -1)) + (28 - 4)?
14
What is the value of -5 - (-45 - (-52 + 20))?
8
What is (-26 - (57 - 81)) + (-2 - -3 - 10)?
-11
What is 29 - (-9 - (-18 + (27 - 17)))?
30
-9 - ((-5 - 2) + 2 + 1)
-5
Evaluate (0 - 7 - 3) + (7 - 8).
-11
Evaluate -32 + 2 + 77 + -64.
-17
What is the value of -6 + (4 - (11 - 16))?
3
12 + (-19 - -4) - (6 + -3)
-6
Evaluate (-3 - (1 + -6)) + (-7 - 3).
-8
What is -4 + (4 - -5) + 8?
13
What is the value of -5 + -3 - (-7 - (-7 + -10 + 4))?
-14
What is -19 - (-10 + 33 + -47)?
5
Evaluate 14 + -3 + (-17 - -10) + -3.
1
Calculate (-1 - (-50 - -5)) + -55.
-11
What is 1 - (23 - (-11 - -22))?
-11
Evaluate -7 - ((-12 - -11) + 18 + -11).
-13
What is the value of -11 + 9 + 5 + 14 + -1?
16
5 - ((-10 - -17) + 9) - (4 + 1)
-16
What is (-2 + 9 - -2) + (-261 - -270)?
18
What is the value of (1 - (-6 + -2 + 2 - -4)) + 1?
4
What is the value of (-6 - -8 - (0 - -2)) + -1?
-1
Calculate 0 + 31 - (208 + -192).
15
-1 - (45 + -47 - (1 + 4 + 0))
6
28 + -8 + -36 + 12
-4
Calculate 2 - (-2 + 1 + (-7 + -25 - -16)).
19
Evaluate 28 + -63 + 24 - (-1 + 11).
-21
What is the value of 0 - (-2 - 4) - (9 + -4 - 6)?
7
Evaluate -7 + -1 + (26 + -7 - 9).
2
What is the value of -38 + 44 + -1 + 8 - 7?
6
What is the value of -37 + 18 + (-1 - -14)?
-6
What is the value of 5 - (-8 + 6) - (-3 + -10)?
20
15 + -23 + 9 + 14
15
-62 - -60 - (19 + (5 - 5))
-21
What is the value of 9 + -11 - (-2 + 1) - -6?
5
Calculate -1 + -10 - (7 - 1 - 15 - -5).
-7
What is the value of 12 + -2 + (33 + -24 - (-1 - -14))?
6
What is -6 + 23 + -18 + -19?
-20
Evaluate -16 + (-7 - -7) - (-4 - -6 - -3).
-21
What is the value of -80 - -73 - ((-7 - 0) + -1)?
1
13 - (0 + 11) - -1
3
Calculate (1 - -2) + 10 + -5.
8
What is -3 + -16 + 9 - (1 - 9)?
-2
Evaluate 20 - (8 - ((1 - (11 + -9)) + 6)).
17
Evaluate 12 + (15 - (9 - -6)) - 7.
5
Calculate -3 - (7 + (7 - 11) + 8).
-14
What is 44 + -44 + (12 - (-1 + 2 - 3))?
14
2 - (40 - (18 + -23 - -10))
-33
(7 - (-2 + 1 + 17)) + 35
26
Calculate -11 + (-10 - -49) + -11 + (-6 - -1).
12
What is the value of (-5 - (7 - 5)) + (-9 - -4) + 22?
10
What is the value of -18 + (11 - (-12 - -21))?
-16
-35 - -1 - (-12 - -19 - 14)
-27
-1 - ((36 - 5) + -8)
-24
What is 8 + 20 + -27 + 24?
25
Evaluate (20 - 33) + (21 - 18).
-10
-9 + (-8 + 5 - -6) - -9
3
What is 14 + 5 + -13 + -19?
-13
Evaluate 25 - (5 + 21 - 7).
6
Calculate 12 - (-3 + 15 - 9) - (0 + -1).
10
What is -588 - -542 - (-1 - 17)?
-28
What is the value of (-2 - 22 - -6 - 7) + 55 + -45?
-15
Calculate 9 - ((-67 - -64) + (13 - 1)).
0
What is the value of (1 - (-6 - -11 - 5)) + (-3 - -3)?
1
What is 43 - 50 - -7 - (4 + (0 - 0))?
-4
Evaluate -6 + 15 + (2 - 7) + -3.
1
3 - (7 - 5) - (2 + -1 + -7)
7
Evaluate -2 + -1 + 3 - (-17 + 13 + 2).
2
Evaluate -17 + (3 - (-6 + 19)) + 10.
-17
Evaluate -94 - -96 - (2 - 6).
6
-32 + 6 + (11 - 7) + -6
-28
-4 + 20 + -1 + (-22 - -24)
17
Calculate (-4 + 14 - (5 - (4 - 2))) + -23.
-16
Evaluate 29 + 14 + -28 + -23.
-8
What is 3 - (0 + (-9 - 0) + 44 + -20)?
-12
8 - (9 + (4 - 4) + 0 + -9)
8
0 - (-2 + -7 + (-4 - 2))
15
(-1 + 8 - (8 - -5)) + 0 - 14
-20
Evaluate -10 - (12 + -4) - (-86 + 96).
-28
Calculate (1 - -42) + -60 + 29.
12
What is -6 + -18 + 9 - -25?
10
Calculate (6 - 7) + 3 + 3 - -6.
11
Calculate (-286 - -261) + -7 + 1 - -5.
-26
-4 - 3 - (9 + -4 + -2 - 4)
-6
What is the value of 5 + (-2 - ((3 - -8) + 9))?
-17
Calculate -17 + (10 - 21) + 24 + 7.
3
Evaluate -3 - 2 - (-10 - (18 - 25)).
-2
What is 8 + 15 + (-6 - 43)?
-26
Calculate (3 - 1) + 6 - (-29 - -32).
5
Evaluate 9 + 11 + ((-8 - -2) + 7 - -2).
23
Evaluate (-13 - -28) + -17 - (2 + -14 + -2).
12
Evaluate -5 + -2 + 4 + -3.
-6
Calculate -6 + 0 + 16 - 15.
-5
What is 2 + 2 + 1 - 17?
-12
What is (-2 - -6) + -3 - -4 - -8?
13
What is (27 - (49 + -27)) + 15?
20
What is the value of (5 - -3) + -10 + 1 + 10?
9
What is the value of 1 + 1 + 3 - (32 + (-4 - 16))?
-7
Evaluate -3 + -33 + 3 - -21.
-12
9 + (-2 - 4) - (5 - 7)
5
Calculate 8 + 9 + 7 + -25.
-1
What is the value of -4 + 20 + -2 + -5 - 14?
-5
What is -6 + (33 - -9) - (-6 - -6 - -12)?
24
What is the value of 3 - 4 - (19 + -22)?
2
Evaluate -3 + (-3 - (2 + -7 + 9)) + 8.
-2
Evaluate (-13 - (9 + -14)) + -7.
-15
Evaluate 0 + -18 - (8 - (-20 + 12 + 20)).
-14
What is the value of (-9 + -15 - -60) + (1 - 5 - 3)?
29
Evaluate -17 + -8 + -4 + -2 - 1.
-32
8 - (17 + (-13 - -9))
-5
Evaluate (-6 - -3 - -8) + -1 + 1 + 7.
12
What is (-5 - 3) + -6 + 5 + (-4 - -2)?
-11
Evaluate (4 - (2 - 4)) + -3 - 6.
-3
Evaluate -11 - (-31 + (6 - -35)).
-21
What is (-7 + 6 - (15 + -14)) + 11 + 2?
11
Calculate (-15 - -42) + -8 + -22.
-3
What is -22 + 18 + (15 - 36) + 10?
-15
Calculate -14 - (-4 + 3 + 2 + -1) - 5.
-19
Evaluate -3 + -27 + 7 + 9.
-14
Evaluate (7 + (-3 - 3) - -2) + 2 + -16.
-11
What is the value of -7 - (-13 - -2) - 3 - (6 - 0)?
-5
Evaluate (-4 - (2 - 0)) + (-123 - -129).
0
Evaluate -179 - -189 - (-2 + (2 - 6)).
16
What is the value of (-2 + -4 + -1 + 5 - 4) + 10?
4
Evaluate 25 + -20 + 15 + -3.
17
What is the value of 16 - (-31 + 24) - 6?
17
Evaluate 1 + -4 + (3 - 24 - -18) - -18.
12
Evaluate (-13 - 4) + 3 + (0 + -4 - -7).
-11
5 + -7 + 9 + 2 + 6
15
Evaluate 2 + 16 + (-11 - (-3 - 12)).
22
Evaluate 367 + -368 - (6 + 1).
-8
Evaluate -11 - 1 - (-43 + 37).
-6
Evaluate 372 + -374 - ((-18 - -17) + (-18 - 0)).
17
What is the value of -2 - (-6 - 1) - (-77 - -68)?
14
(-17 - 3) + -21 + 62
21
-3 + 6 + 2 + (52 - 53)
4
6 - -1 - (81 - 80)
6
Calculate -4 + (-6 - (-15 + -6) - -13).
24
Evaluate -20 - -1 - (247 - 259).
-7
Evaluate (-11 + 5 - -12 - 11) + (-4 - -13).
4
Evaluate 2 - (6 - ((-2 - (4 + -3)) + 14)).
7
Calculate 12 - (17 + 3 + -29).
21
What is the value of -2 + -7 + (-6 - 4) + 13?
-6
What is 5 - (-1 + (1 - (-6 - 3)) + -2)?
-2
Evaluate (23 - -8) + -42 - 18.
-29
(44 - 26) + 18 - 38
-2
Calculate -5 - -11 - (-7 - (-6 - (-6 + 2))).
11
Evaluate 4 - -1 - -23 - (-5 - -10).
23
Calculate -23 - (17 + 5 - 62).
17
What is the value of (-33 - -28 - -14) + -11?
-2
6 + -3 + (8 - (17 - 0))
-6
What is the value of 50 + -83 + (0 - -6)?
-27
Evaluate 0 - ((79 - 83) + (0 - 2) + 5).
1
What is 2 - (2 + 18 - 8 - 10)?
0
What is the value of 2 - -2 - (10 - 3 - 10)?
7
Calculate 5 + (10 - (25 + -3)) - (-1 - 10).
4
What is the value of -4 - 2 - -2 - (-15 - -5)?
6
What is the value of 0 + -2 - (-30 + (-4 - (-3 - 7)))?
22
What is 0 - -20 - (2198 + -2187)?
9
What is (0 - (29 - -1)) + 12?
-18
Evaluate 21 - (8 + 7 + -15).
21
-15 + 8 + 8 + -4
-3
Evaluate -11 + (2 - -29) + -5.
15
Calculate 2 + (7 + -9 - -1 - 16).
-15
What is the value of -7 - (14 - (13 + 4))?
-4
8 + (26 - 19) - -16
31
(19 + -3 - -21) + -27
10
What is -36 + (12 - (-17 - -6))?
-13
Calculate 4 - 3 - ((6 - 16) + 6).
5
What is the value of -8 + (8 - (17 + -11))?
-6
What is the value of 13 - (10 + 7) - ((-1 - -2) + 0)?
-5
Evaluate (12 - 2) + (-41 - -34).
3
Calculate 5 + 13 + -16 - (-1 + -4).
7
Calculate 7 + -1 - -2 - (2 + -5 - 1).
12
Evaluate (69 - 60) + -2 + -18.
-11
Evaluate (3 - (2 - -3)) + -6 - (182 + -211).
21
What is 0 - ((-1 - -3) + 0) - (0 - 15)?
13
Evaluate (0 - 11) + 26 + (-15 - 2) - 13.
-15
14 + (9 + -13 - (2 + -3 - 6))
17
What is (17 - 0) + -218 + 169?
-32
Calculate -3 + 2 + (2 - ((2 - -7) + 5)).
-13
Calculate -3 - (3 - ((-15 - -13) + -1 + 0)).
-9
What is ((-10 - 2) + -1 - -6) + -57 + 48?
-16
Evaluate (15 - 4) + -7 + (-10 + 1 - -1).
-4
What is (185 - 181) + 10 + -1?
13
What is the value of (-29 - (2 + 11)) + (-2 - -6) + -1?
-39
(-5 + 19 - (6 - (-5 + 9))) + -19
-7
What is the value of -34 + -19 + (-21 - -48)?
-26
15 + (-9 - (3 - 13))
16
-18 + 25 + 10 + -1
16
What is the value of 10 + -6 - (-2 + -13)?
19
What is 52 - (25 - (-30 + 26))?
23
-4 + 10 + (8 - 1) + -10
3
What is the value of 2 - 6 - (-399 + 404)?
-9
Calculate 5 + (9 - (7 + -1)) + 7 + -2.
13
Evaluate -6 + 4 - -7 - (-7 + -6 + 1).
17
What is 7 + -47 + -18 + 44?
-14
Evaluate 0 - ((-8 - -2) + (-14 - (-29 + 6))).
-3
What is 9 - ((10 - 7) + -12) - 5?
13
What is -6 + -11 + 6 + (16 - 8)?
-3
Calculate 2 + (-3 - (4 - 1)).
-4
10 - 21 - (3 + (-7 - (-9 - -6)))
-10
What is 0 + 4 - (-9 + (-8 - -1))?
20
What is the value of -5 - (-5 - 12) - (-2 - (25 + -15))?
24
14 + -2 + (-7 + -15 + 34 - 16)
8
What is 26 + -15 + (13 - 16)?